102
-266 + 268 - (7 - (1 + 1)) - -45
42
Evaluate -1047 - -1150 - (-4 + (17 + -14 - (6 - 1))).
109
Calculate 5 + (16 - 1 - 20) - (-2 - 55).
57
Evaluate -47 + 87 + -7 - 44.
-11
Calculate (-41 - (30 + -65)) + 0 + 22 + -117.
-101
Calculate -11 - (1 + 2 + -17 + 10 + 0) - -11.
4
Evaluate (-22 - -14) + (8 + 9 + 9 + 5 - -9).
32
Calculate (4 - (-106 + 52)) + -91.
-33
Calculate (46 - (-54 + (83 - -9))) + (-2 - -1 - 91).
-84
Evaluate (-18768 - -18796) + (0 - (36 - 1)).
-7
What is the value of (0 + 21 - (-144 + 89)) + 34?
110
What is -35 - 5 - (-234 + 158)?
36
What is 12 + 0 + (640 - 636) - -18?
34
What is 8 - 26 - (995 - 984)?
-29
What is 24 + 5 + -19 + -22 - 3?
-15
What is the value of -8 - -2 - (4 + 24 + -16 + -38)?
20
Calculate (-40 - (-5 - -10)) + 18.
-27
What is -34 + 9 + 13 - (-19 - -13 - 9)?
3
What is the value of 9 + (-84 - (0 + -5)) + 5?
-65
What is the value of 63 + (24 - 136) + 1 + 15?
-33
What is the value of -36 - (167 + -68 + -91)?
-44
15 - (0 + 29) - 41
-55
What is the value of -2 - (-8 - -6) - -8 - (41 + 3)?
-36
What is the value of (-1 - ((0 - -4) + 7)) + 56 - 4?
40
(478 - 490) + (-21 - -4 - ((2 - 3) + 4))
-32
What is (3222 - 3237) + 1 + -2 + 106?
90
What is (-26 - -8) + 47 - -3?
32
What is (0 - (-64 - -24) - -1) + -17?
24
Evaluate -23 + (-97 - -102) + (-4 - -127) + 1.
106
3 - 7 - -26 - (176 - 101)
-53
5 + 68 + -81 - (6 + (-16 - -9))
-7
What is the value of 22 + -17 + -26 + 77?
56
What is the value of (-37 - -37) + 22 - 40?
-18
Evaluate -12 + (8 - 4) + (-15 - (-51 - -4)).
24
What is 52 + (51 - 62) + -43?
-2
Evaluate -13 - ((2 - (3 + -16)) + 5).
-33
Evaluate (16 - 0 - (-267 + 282)) + (28 - 0).
29
Evaluate (-1 - 0) + (1 + 1 - (-1 + -4 + -11)).
17
Evaluate -2 + -22 + (120 - (16 + 38)).
42
What is 26 + -2 + -16 + 35 + -11 + -7?
25
(-118 - -169 - -53) + 8 + 2
114
8 + (17 + -22 - 13) + 15 + -15
-10
Calculate -13 + -44 + -8 + 18 + 7.
-40
What is the value of -10 - (-17 - -51) - (6 - (-4 - -15) - -2)?
-41
Calculate 48 + (-19 - (-7 + -5 + (2 - -3))).
36
What is the value of -15 - (-14 + -34) - 51?
-18
What is -6 + -5 - (-74 + 62) - -3 - -118?
122
(-7 - (17 - 23)) + -17 + 49 + (6 - 1)
36
Calculate -18 + (10 - (10 - ((15 - 27) + 15))).
-15
What is 13 - (54 - (60 - 52))?
-33
What is -115 - -119 - (1 + -24) - -63?
90
Calculate (2 - 19) + (604 + -621 - (3 - 43)).
6
-27 + (-34 - -54) - (0 + -21) - -2
16
7 - 0 - ((-17 - (-26 - (4 + -27))) + 24)
-3
(3 - (2 - 1)) + (48 - -1) + 3240 + -3207
84
Calculate 18 + (-225 + 93 - -197).
83
What is the value of (-2 + -3 - (84 + -79)) + -1 + -67 + 14?
-64
Calculate (-134 - (1 - (0 + 2 + 1))) + -659 + 673.
-118
Evaluate 16 - 111 - (106 + -262).
61
What is 33 - (-7 - (6 + 6 + -12) - 5)?
45
What is (8 - (-3 - -10)) + 3 - (22 + -1 + 10)?
-27
Calculate -228 + (214 - -35) - (-40 - -1).
60
-11 - (-16 + 0 - (-72 - -7)) - 13
-73
What is the value of 1 - (-54 + 78 - ((5 - 7) + 2))?
-23
What is the value of 0 + (-2 - (16 - (-2 - -5)) - 0)?
-15
-76 + (55 - (95 - 28))
-88
Calculate (9 - -3 - (-2 - 5)) + -8 + -41.
-30
-40 + 11 + 8 + -9
-30
(-1901 - -1950) + 1 + -71
-21
24 - 31 - ((8 - 5) + 4 - -24)
-38
Calculate 1 + -2 + 24 + (-463 - -449) - 53.
-44
Evaluate -11 + (23 - 19) + -18 + -4 + 4.
-25
Evaluate -50 - (9 + -74 + 37) - (0 - 2).
-20
Calculate -6 + 10 + -1 + (2 - 38 - -49).
16
What is 14 + 38 - (-2 + 44)?
10
What is the value of -2 - ((0 - -4) + (7 - 6) + -39 + -4)?
36
(20 - -43) + 37 + (-8 - 18)
74
7 - (-5 + 15 + 8 + -2 + -4 + 22)
-27
-40 + -92 + 103 + (117 - 13)
75
51 - (177 - 44) - -7
-75
What is 27 + (-37 - -48) - 54?
-16
(-11 + 0 - (10 + -12)) + 7 + -10 + 58
46
What is the value of -241 + (66 - -10) + 67?
-98
What is 43 - (155 - (-50 + 12 + 38))?
-112
What is 9 - (-3 + 8 - (39 - -16) - (15 - 15))?
59
Calculate -427 + 427 + (10 - 0) + -6.
4
What is the value of -7 - 1 - (-18 + 0) - (-4 - (52 - 3))?
63
What is -69 - (13 + (12 - 27) + (-11 - 4))?
-52
What is 20 - (-7 + 15 + 8) - 9?
-5
What is 93 - ((11 - 6) + -24 + -256 + 281)?
87
Evaluate 85 - (6 - 19) - (-16 + 40).
74
What is (3 - -21) + ((5 - (-4 + 9)) + 9 - 16)?
17
Calculate 27 + (68 + -54 - 22).
19
-15 + (3 - 1) - (-14 - -46 - 23)
-22
What is 7 + -9 + 0 + 127 - (-80 + 65)?
140
What is the value of (207 - 124) + -20 - 62?
1
Calculate 73 + -1 + 146 + -362 + 231.
87
-50 + (243 - 194) + -21 + 0
-22
What is the value of 30 + 250 + -113 - 44?
123
What is -3 - 24 - (-60 - -39)?
-6
Calculate -4 - (-14 + (0 + -20 - -4 - -27)).
-1
What is the value of -2 + 4 + 2 - (12 - (-17 - (9 + -41)))?
7
What is the value of (-11 - (14 + -36 - -6)) + -43?
-38
Evaluate -16 + 3 + -3 - (-155 - -46 - -121).
-28
Calculate (64 - 50) + (0 - 3) + 78 - (1 + 7).
81
Calculate 5 + -1 - (1 + -16 - (372 - 385)).
6
Calculate -33 + 12 - -26 - 14 - (110 + -13).
-106
What is the value of 83 - 40 - (5 - (2 - -5 - 17))?
28
What is the value of -599 - -606 - (2 - 1 - (1 - 0 - -88))?
95
Evaluate 0 + -39 + (3 - (-8 + (-20 - (12 + -38)))).
-34
Calculate -1262 + 1196 + (5 - -28).
-33
What is (30 - (18 - (44 + -38))) + (72 - 2)?
88
Calculate 13 + -62 + 39 + (41 - 5) + (-30 - -1).
-3
Calculate (458 - 526) + (-12 - (-11 - -3)).
-72
Evaluate -47 + (50 - -38) - 33.
8
Calculate -1 - (3 - (10 - (-6 + -54 - 4))).
70
Calculate (27 - 1) + -18 + -17 + 99.
90
Calculate -58 + 41 - 20 - -29.
-8
Evaluate 24 - (-7 + -50 - -26 - (1 - 15)).
41
What is the value of 22 + 13 + (59 - 18)?
76
Evaluate -12 + 2 - ((2 + 15 - 156) + -2).
131
What is the value of (-155 - -75 - -12) + 101?
33
What is the value of 12 + (-46 + 5 - (12 - 15)) + 4?
-22
Calculate 159 - (2 + 42 - -13).
102
Calculate 45 + -41 - (-8 + -88 + -3).
103
Calculate -4 + (-35 + 18 - -6) - -25.
10
-61 + -1 - (284 - 377)
31
What is -4 + (81 - 53) - 17?
7
What is 8 + -7 + 3 + (-68 + 37 - 33)?
-60
Calculate -20 + 6 - -14 - 27 - (1 - 4).
-24
What is (98 - 73 - 30) + 79?
74
Calculate 13 + -2 - (37 - (8 - -25) - (0 - -12)).
19
What is the value of 1 + -11 + 27 + 86 + -74?
29
What is the value of 0 + (15 - (31 + -6 + 3))?
-13
Calculate (46 - 20 - 41) + -49.
-64
What is the value of (6 + -37 - -13) + 10 - 11?
-19
What is the value of -18 - (10 + -7 + 4 + -19) - (-41 - -2)?
33
Calculate -11 + 7 + -8 + (46 - -1).
35
What is the value of -11 + (-3 - (-17 + (21 - (7 - 8))))?
-19
Calculate (-6 - (7 + -26) - (-25 + 0)) + -4.
34
19 + 4 + -6 + -11 + 13 + -6 - 44
-31
What is (69 - 201 - -117) + (-1 - 49) - (-10 + 1)?
-56
Evaluate (-31 - 40) + 86 - 3.
12
(9 - 8 - (4 + -14 + 0 - -6)) + -15
-10
Calculate 59 + -117 + 53 + (-16 - (2 - 1)).
-22
Calculate -13 + (-9 - (0 - (-9 - -20))) + 57.
46
What is the value of 8 + 14 + -7 + (18 - 17) - -88?
104
Calculate 2 + -14 - (60 + -12 - 114).
54
What is the value of -29 + -13 + 3 + (11 - (36 + -12))?
-52
Calculate (3 - (-4 + -1 + -140)) + (2300 - 2314).
134
What is the value of -10 + -1 + 22 + (-12 - -34)?
33
What is the value of 451 + -452 - (3 + -9 - (-5 + 3) - 59)?
62
What is the value of 5 + 24 + 3 + (25 - 40) + 11?
28
What is -15 + (-19 - -15) + 22 + -59 - -2?
-54
What is 103 - (91 + 17 + 48)?
-53
Evaluate -56 + 1 + (3 - -7) + (-6 - 14).
-65
Evaluate 10 + (-13 - (-11 + -1 + 2 - (-993 - -937))).
-49
What is -77 - -155 - (173 + 1)?
-96
Evaluate -42 + 5 + (-21 - -13 - -31).
-14
What is the value of (-9 - (10 - 6 - 6)) + 56 + -6?
43
-11 - 76 - (-51 + (-16 - -52))
-72
Calculate -9 + 0 + -13 + 72 + -5 + -9.
36
What is -12 + 20 - (7 + 22 + -46)?
25
-10 + -5 - (4 + -8 + 10 - 1 - -114)
-134
Calculate (-31 + -12 + 41 - -73) + -3.
68
-10 - -15 - -1 - 45 - -23
-16
What is the value of 40 - (6 - -37) - ((-2 - 2) + (-9 - 61))?
71
Evaluate 10 + (-12 - 1 - (-9 + -29 - -6)).
29
Evaluate -92 + -269 + 292 + 1 + -2.
-70
Calculate 3 - (39 - (8 - (-1 - (-15 + (17 - 9))))).
-34
-683 + 661 - ((1 - -4) + 18 - 7)
-38
What is the value of 13 + -19 + 11 + 18 - 5?
18
Calculate -2 + -5 + 21 + (-5 - (31 - 6)).
-16
(2 - (-1 - 1) - (-58 + 135 + -39)) + -2
-36
What is the value of -1 + 18 - ((-8 - 71) + 12) - (1 - -8)?
75
What is the value of 42 - (-23 - (-78 + -18)) - 4?
-35
Evaluate 52 + 4 + -43 - (-3 - 16).
32
0 + 3 - (-1694 + 1699)
-2
Calculate -178 + 92 - (9 - (14 + -22 + 33)).
-70
What is -104 + (-38 - 1 - -106)?
-37
What is (0 - 5) + 44 + -1 + (333 - 321)?
50
What is the value of 2 + (1 - -3) + -16 + (-59 - (-30 - 4))?
-35
Evaluate 53 - ((-1 - -11) + (-181 - -177) - -6).
41
